 12*c. What is the hundreds digit of c?
3
Suppose 0 = -4*n + 12, 5*u - 89 = -3*n. Let i be (0 + -1)*-3 + (42 - 45). Suppose w + u - 99 = i. What is the units digit of w?
3
Suppose 441*f + 3590 = 436*f. Let j = f - -1078. What is the hundreds digit of j?
3
Suppose -4300408 = -73*a - 214*a. What is the thousands digit of a?
4
Suppose -54*a - 153937 = -74*a - 39617. What is the hundreds digit of a?
7
Let a(j) = 8298*j**2 + 51*j + 1. What is the thousands digit of a(2)?
3
Suppose -4*a + 872 = 3*c - 3162, 3*c - 5*a - 3989 = 0. Suppose -14*f + 3366 = -c. What is the hundreds digit of f?
3
Let x be 6*(-4)/(-60) + (-296)/(-10). Suppose -33*b + 36 = -x*b. Suppose -b*l + 1305 = -7*l. What is the tens digit of l?
6
Let o = -16423 - -20951. What is the units digit of o?
8
Let g = -8031 + 14452. What is the hundreds digit of g?
4
Let d(x) = 6*x**2 - 236*x - 159. What is the hundreds digit of d(51)?
4
Let m(y) = 6*y + 19. Let o be m(-3). Let g be 138 + o + (-3)/(-6)*4. Suppose 5*u - g = -46. What is the tens digit of u?
1
Suppose 2*v + 5*i + 38 = 0, 3*v + 4*i = -0*i - 43. Let b be ((-10)/(-45) + 38/v)*-1. Suppose b*o + 1900 = 14*o. What is the hundreds digit of o?
1
Suppose 2*g - 5*o - 238 = 5*g, 5*g - 5*o = -370. Let y(n) = 35*n + 10. Let r be y(-6). Let s = g - r. What is the tens digit of s?
2
Let u(r) = 2*r**3 + 14*r**2 + 12*r + 2. Let h be u(-6). What is the units digit of (h/3)/((-6)/(-2124) + 0)?
6
Suppose -3*y - 3*s = -273, 0*y - 5*s - 425 = -5*y. Let m = 394 - y. What is the units digit of m?
6
Suppose 4*a + 3*m = -m + 2032, 2 = 2*m. Suppose -3*x - d + 261 = -a, -502 = -2*x - 4*d. Let h = x + -82. What is the tens digit of h?
7
Suppose 0 = -153*f + 2389718 + 63790. What is the ten thousands digit of f?
1
Let d(h) = 63*h**2 - 50*h - 103. What is the hundreds digit of d(11)?
9
Let x(h) = 49*h + 35. Suppose 2*s = 15*s - 91. What is the hundreds digit of x(s)?
3
Suppose 9*w + 250 = -65. Let g = -174 - w. Let p = -52 - g. What is the units digit of p?
7
Suppose m - 6*m = -1020. Suppose -5*h + 7*h - m = 0. Let p = h + -37. What is the tens digit of p?
6
Let k be (-5)/(17/15 - (-40)/(-30)). Let g(i) = -4*i - 23. Let v be g(-7). What is the units digit of 918/v - -1*(-15)/k?
3
Let i be ((-6)/(-4))/((-12)/32). What is the hundreds digit of ((-3561)/2)/(55/(-10) - i)?
1
Let s(m) = -4*m**2 + 5*m - 5. Let u be s(3). Let k = u + -9. Let f = k - -74. What is the units digit of f?
9
Let z(m) = 128*m**3 - 4*m**2 + 5*m - 6. Let q(g) = -256*g**3 + 9*g**2 - 11*g + 13. Let k(f) = -6*q(f) - 13*z(f). What is the units digit of k(-2)?
4
Suppose 0 = -224*u + 240*u - 250816. What is the thousands digit of u?
5
Let j = 3718 - 3727. Let k(n) = n**3 + 8*n**2 + 11*n - 1. Let z(f) = -1. Let w(o) = -k(o) + 3*z(o). What is the tens digit of w(j)?
7
Let a = 559 + -470. Let m be (2/(-3))/((-2)/198). Let h = a - m. What is the tens digit of h?
2
Let f be 6/(-3) - 1 - 2874/6. Let w = -247 - f. Suppose 2*a = -2*y + 256, -w = -6*a + 4*a + 5*y. What is the tens digit of a?
2
Let s be (0 - (-120)/9)/((-9)/(-162)). What is the hundreds digit of 90168/s + (-6)/(-20)?
3
Suppose 3 = 3*f - 6. Let o(x) = 8*x**2 + x**f - 4*x**2 + 78 - 5*x**2 + 0*x**3. What is the units digit of o(0)?
8
Let i = -745 - -1497. Let g = i - 402. What is the tens digit of g?
5
Suppose -2*b - 4313 = -3*w, -2*w - 138*b + 143*b = -2890. What is the hundreds digit of w?
4
Let p(w) = -12*w - 58. Let x be p(-7). Let v(r) = 27*r**2 - r - r**3 + 5 - x*r**2 - 1. What is the units digit of v(-3)?
3
Let d(p) = -p**3 + 16*p**2 + 23*p + 55. Let m be (76/304)/(1/56). What is the units digit of d(m)?
9
What is the tens digit of 1/4 - (-36912934)/1064 - 4/(-28)?
9
Let r(b) = -65*b**3 + 21*b**2 + 15*b + 2. What is the thousands digit of r(-7)?
3
Suppose -15 = -11*f + 6*f, 0 = b - 5*f - 1847. Suppose -b = -2*t + 19*r - 17*r, -937 = -t - r. What is the hundreds digit of t?
9
Let t be -3 - -2 - 1/(1/(-130)). Suppose t = 3*g - 69. Suppose 68*m - g*m = 380. What is the tens digit of m?
9
Let s = -9774 + 14942. What is the units digit of s?
8
Suppose -3*t - 7 = -6*r + 5*r, 2 = -2*t. Suppose i + 135 = -a + 1312, -r*a = 0. What is the tens digit of i?
7
Suppose -5*d = -0*d - 10. Suppose -5*m + 684 = d*f, 0 = 2*f - 6*f + 5*m + 1398. What is the tens digit of f?
4
Let o(v) = -57*v + 827. What is the tens digit of o(-27)?
6
Let q be (2/(-4))/((-10)/620) + 4. Suppose q*u - 37*u + 328 = 0. What is the tens digit of u?
6
Let t = -77 - 21. Let v be ((-17316)/(-1110))/((9/(-15))/((-3)/(-2))). Let g = v - t. What is the units digit of g?
9
Let t(h) = -110*h - 1830. What is the hundreds digit of t(-74)?
3
Let b(c) = 245*c**2 + 42*c - 27. What is the units digit of b(9)?
6
What is the units digit of 5 - (-10 - (37053 + -1))?
7
Suppose 4*z + 13*z = 2346. Let o = z + 36. What is the tens digit of o?
7
Suppose 0 = 14*i - 11170 - 46034. Suppose 0 = -14*d + i + 1864. What is the tens digit of d?
2
Suppose 4093*w + 254940 = 4113*w. What is the units digit of w?
7
Suppose 3*c = 4*t - 16 - 6, 0 = -2*c - t. Let f be 0*-1*c/(-4). Suppose 3*q = 5*q - x - 16, f = 2*q - 5*x - 16. What is the units digit of q?
8
Let i be (13 + -13)/(1 - 0). Let b = i - 1. What is the units digit of b/2 + (-87)/(-24)*4?
4
Suppose 19*g + 120*g - 1328145 = 0. What is the thousands digit of g?
9
Let c(h) = 5*h - 30. Let f be c(7). Suppose g - 20 = f*i, 5*g - 3*i - 12 = 2*g. Suppose 2*y + y - 321 = g. What is the hundreds digit of y?
1
Suppose 12 = -10*l + 14*l. Suppose 3 + l = 3*d. Suppose d*z - z - 45 = -n, z = 4*n + 60. What is the units digit of z?
8
Suppose 11 = 3*q + 5. Let o(l) = 118*l**2 + 0*l + l**3 - 57*l**2 + 2*l - 54*l**q - 7. What is the units digit of o(-6)?
7
Let s be ((-12)/(-5) - 3)/(2/(-10)). Suppose -s*l - 790 = 2*l. Let w = 275 + l. What is the units digit of w?
7
Let i(r) = 85710*r**3 - 188*r + 188. What is the tens digit of i(1)?
1
Let w = 1002 - 500. Let s = w + 137. What is the hundreds digit of s?
6
Let y(j) = -269*j + 260. What is the tens digit of y(-41)?
8
What is the hundreds digit of 3023384/(-312)*(-30)/7?
5
Let u(h) = -145*h + 2667. What is the tens digit of u(11)?
7
Suppose 3*l + 7 = -4*b, -15 = -b + 6*b + 5*l. Suppose 2*z = -5*t + 2374 - 457, 0 = 3*t - b*z - 1163. What is the tens digit of t?
8
Suppose -a - 5*n = -6*a + 25990, -5*n + 15618 = 3*a. Let b = a - 3227. What is the tens digit of b?
7
Suppose 222480 = 4*m - 2*y, 4*m - 123*y = -130*y + 222462. What is the hundreds digit of m?
6
Let d(u) be the second derivative of 0 + 21/2*u**2 + 11*u - 1/3*u**3. What is the units digit of d(9)?
3
Let a(o) = -100*o - 54*o - 8 + 32*o. What is the units digit of a(-6)?
4
Let v = -1004 + 550. Let m = v - 75. What is the units digit of (-2)/8 - (m/4 - -2)?
0
Suppose -4*h + 16*y - 20*y + 93740 = 0, -5*h + 4*y + 117184 = 0. What is the tens digit of h?
3
Let t(b) = b**2 - 237*b + 16339. What is the tens digit of t(0)?
3
What is the tens digit of (-4 + 6 + 231/14)*74?
6
Suppose 35*f = -52*f + 12*f + 7021875. What is the hundreds digit of f?
6
What is the hundreds digit of (-7 - -3) + 31 + 72152?
1
Suppose -3*v + 250794 = -2*p + 11*p, -p + 27879 = -4*v. What is the thousands digit of p?
7
Let c(p) = -p**2 - 18*p - 17. Let x be c(-20). Let b = 14 - x. What is the units digit of b?
1
Suppose -121*c + 15 = -118*c. Suppose c*q - 2027 = t, 64 + 345 = q - 2*t. What is the hundreds digit of q?
4
Suppose -13*u + 9*u = -4*t + 71648, u = -7. What is the hundreds digit of t?
9
Let h be 3*1/4*4. What is the tens digit of h/(-15) + -288*(-2)/5?
1
Suppose -13590 = 12*q - 9*q. Let f be q/(-75) - 2/5. Let v = f + 31. What is the tens digit of v?
9
What is the tens digit of (-22752)/128*(4 + (4 - 11) + -121)?
4
Suppose -40*g = 200*g - 4339680. What is the thousands digit of g?
8
Let v = -369 - -374. Suppose -408 = -t - v*z, 2*t - 1309 = -5*z - 518. What is the tens digit of t?
8
Let c(b) = -b**3 + 8*b**2 + 3*b - 17. Let n be 4 + ((-1)/2*-6)/1. What is the tens digit of c(n)?
5
Let u = 272 - 270. Suppose 2*s - u*t + 480 = 1578, 5*t = 10. What is the tens digit of s?
5
Suppose 14*d + 130863 = 414881. What is the thousands digit of d?
0
Let c(w) = -1604*w - 462. What is the units digit of c(-4)?
4
Let b be (-1301)/(-4) + (-9)/36. Let z be 9454/(-42) + (-6)/(-63). Let s = z + b. What i